{"id":845,"date":"2018-08-29T21:27:35","date_gmt":"2018-08-30T00:27:35","guid":{"rendered":"https:\/\/isft182-bue.infd.edu.ar\/sitio\/tecnicatura-superior-en-instrumentacion-quirurgica\/"},"modified":"2019-12-02T15:13:12","modified_gmt":"2019-12-02T18:13:12","slug":"tecnicatura-superior-en-instrumentacion-quirurgica","status":"publish","type":"page","link":"https:\/\/isft182-bue.infd.edu.ar\/sitio\/tecnicatura-superior-en-instrumentacion-quirurgica\/","title":{"rendered":"Tecnicatura Superior en Instrumentaci\u00f3n Quir\u00fargica"},"content":{"rendered":"<p style=\"text-align: center;\"><span style=\"font-size: 18pt;\"><strong>TECNICATURA SUPERIOR\u00a0<\/strong><\/span><span style=\"font-size: 18pt;\"><strong>EN INSTRUMENTACI\u00d3N QUIR\u00daRGICA<\/strong><\/span><\/p>\n<h3 style=\"text-align: center;\"><a href=\"https:\/\/isft182-bue.infd.edu.ar\/sitio\/wp-content\/uploads\/2019\/12\/RSC-5620-2019-ANEXO-IF-2019-33082760-GDEBA-CPEYTDGCYE-1.pdf\" target=\"_blank\" rel=\"noopener\">Resoluci\u00f3n 5620\/19<\/a><\/h3>\n<p><strong>T\u00edtulo:<\/strong>\u00a0T\u00e9cnico Superior en Instrumentaci\u00f3n Quir\u00fargica<\/p>\n<p><strong>Duraci\u00f3n:<\/strong>\u00a03 a\u00f1os<img decoding=\"async\" loading=\"lazy\" class=\"alignright\" style=\"text-align: center;\" title=\"\" src=\"https:\/\/isft182-bue.infd.edu.ar\/sitio\/wp-content\/uploads\/2018\/08\/instrumentacion.jpg\" alt=\"\" width=\"275\" height=\"288\" border=\"0\" \/><\/p>\n<p><strong>Lugar de Cursada:<\/strong><\/p>\n<ul>\n<li>Sede Central San Miguel \u2013 Turno Vespertino<\/li>\n<\/ul>\n<p>Si tenes otras inquietudes, no dudes en comunicarte con nosotros<\/p>\n<ul>\n<li>enviando un mail a\u00a0<strong>182informes@gmail.com<\/strong><\/li>\n<li>llamando al\u00a0<strong>4667-3993<\/strong>\u00a0\u00f3\u00a0<strong>4664-6636<\/strong><\/li>\n<li>o\u00a0<strong><a href=\"https:\/\/goo.gl\/forms\/blMahaScCCHCcdFo1\" target=\"_blank\" rel=\"noopener\">Registr\u00e1ndote aqu\u00ed para recibir Informaci\u00f3n<\/a><\/strong><\/li>\n<\/ul>\n<p>Te esperamos!<\/p>\n<p>&nbsp;<\/p>\n<p>&nbsp;<\/p>\n<p style=\"text-align: center;\"><img decoding=\"async\" loading=\"lazy\" title=\"logo del ISFT 182\" src=\"https:\/\/isft182-bue.infd.edu.ar\/sitio\/wp-content\/uploads\/2018\/08\/isft182_1.jpg\" alt=\"logo del ISFT 182\" width=\"114\" height=\"92\" border=\"0\" \/><\/p>\n<p>&nbsp;<\/p>\n","protected":false},"excerpt":{"rendered":"<p>TECNICATURA SUPERIOR\u00a0EN INSTRUMENTACI\u00d3N QUIR\u00daRGICA Resoluci\u00f3n 5620\/19 T\u00edtulo:\u00a0T\u00e9cnico Superior en Instrumentaci\u00f3n Quir\u00fargica Duraci\u00f3n:\u00a03 a\u00f1os Lugar de Cursada: Sede Central San Miguel \u2013 Turno Vespertino Si tenes otras inquietudes, no dudes en comunicarte con nosotros enviando un mail a\u00a0182informes@gmail.com llamando al\u00a04667-3993\u00a0\u00f3\u00a04664-6636 o\u00a0Registr\u00e1ndote aqu\u00ed para recibir Informaci\u00f3n Te esperamos! &nbsp; &nbsp; &nbsp;<\/p>\n","protected":false},"author":7,"featured_media":0,"parent":0,"menu_order":0,"comment_status":"closed","ping_status":"closed","template":"","meta":[],"acf":[],"_links":{"self":[{"href":"https:\/\/isft182-bue.infd.edu.ar\/sitio\/wp-json\/wp\/v2\/pages\/845"}],"collection":[{"href":"https:\/\/isft182-bue.infd.edu.ar\/sitio\/wp-json\/wp\/v2\/pages"}],"about":[{"href":"https:\/\/isft182-bue.infd.edu.ar\/sitio\/wp-json\/wp\/v2\/types\/page"}],"author":[{"embeddable":true,"href":"https:\/\/isft182-bue.infd.edu.ar\/sitio\/wp-json\/wp\/v2\/users\/7"}],"replies":[{"embeddable":true,"href":"https:\/\/isft182-bue.infd.edu.ar\/sitio\/wp-json\/wp\/v2\/comments?post=845"}],"version-history":[{"count":9,"href":"https:\/\/isft182-bue.infd.edu.ar\/sitio\/wp-json\/wp\/v2\/pages\/845\/revisions"}],"predecessor-version":[{"id":1591,"href":"https:\/\/isft182-bue.infd.edu.ar\/sitio\/wp-json\/wp\/v2\/pages\/845\/revisions\/1591"}],"wp:attachment":[{"href":"https:\/\/isft182-bue.infd.edu.ar\/sitio\/wp-json\/wp\/v2\/media?parent=845"}],"curies":[{"name":"wp","href":"https:\/\/api.w.org\/{rel}","templated":true}]}}